{"id":443,"date":"2021-05-10T08:16:49","date_gmt":"2021-05-10T08:16:49","guid":{"rendered":"http:\/\/www.jeanne-tarot.ch\/?page_id=443"},"modified":"2021-05-10T08:27:32","modified_gmt":"2021-05-10T08:27:32","slug":"huiles-essentielles","status":"publish","type":"page","link":"http:\/\/www.jeanne-tarot.ch\/?page_id=443","title":{"rendered":"Huiles essentielles"},"content":{"rendered":"\n<p>Une <strong>huile essentielle<\/strong> est un extrait liquide et aromatique obtenu g\u00e9n\u00e9ralement par distillation \u00e0 la vapeur d&rsquo;eau \u00e0 partir d&rsquo;une plante, et qui en concentre les actifs volatils.<\/p>\n","protected":false},"excerpt":{"rendered":"<p>Une huile essentielle est un extrait liquide et aromatique obtenu g\u00e9n\u00e9ralement par distillation \u00e0 la vapeur d&rsquo;eau \u00e0 partir d&rsquo;une plante, et qui en concentre les actifs volatils.<\/p>\n","protected":false},"author":1,"featured_media":0,"parent":0,"menu_order":0,"comment_status":"closed","ping_status":"closed","template":"template-full-width.php","meta":[],"_links":{"self":[{"href":"http:\/\/www.jeanne-tarot.ch\/index.php?rest_route=\/wp\/v2\/pages\/443"}],"collection":[{"href":"http:\/\/www.jeanne-tarot.ch\/index.php?rest_route=\/wp\/v2\/pages"}],"about":[{"href":"http:\/\/www.jeanne-tarot.ch\/index.php?rest_route=\/wp\/v2\/types\/page"}],"author":[{"embeddable":true,"href":"http:\/\/www.jeanne-tarot.ch\/index.php?rest_route=\/wp\/v2\/users\/1"}],"replies":[{"embeddable":true,"href":"http:\/\/www.jeanne-tarot.ch\/index.php?rest_route=%2Fwp%2Fv2%2Fcomments&post=443"}],"version-history":[{"count":2,"href":"http:\/\/www.jeanne-tarot.ch\/index.php?rest_route=\/wp\/v2\/pages\/443\/revisions"}],"predecessor-version":[{"id":445,"href":"http:\/\/www.jeanne-tarot.ch\/index.php?rest_route=\/wp\/v2\/pages\/443\/revisions\/445"}],"wp:attachment":[{"href":"http:\/\/www.jeanne-tarot.ch\/index.php?rest_route=%2Fwp%2Fv2%2Fmedia&parent=443"}],"curies":[{"name":"wp","href":"https:\/\/api.w.org\/{rel}","templated":true}]}}