{"id":267,"date":"2013-04-07T07:58:57","date_gmt":"2013-04-07T07:58:57","guid":{"rendered":"http:\/\/www.jeanne-tarot.ch\/?page_id=267"},"modified":"2018-01-15T22:14:06","modified_gmt":"2018-01-15T22:14:06","slug":"initiation-au-tarot-dosho","status":"publish","type":"page","link":"http:\/\/www.jeanne-tarot.ch\/?page_id=267","title":{"rendered":"Initiation au tarot d&rsquo;Osho"},"content":{"rendered":"<p>Ce cours \u00e9tablit un parall\u00e8le entre les majeures et les mineures du tarot Zen d&rsquo;Osho.<\/p>\n<p>Le pr\u00e9requis est d&rsquo;avoir suivi le cours d&rsquo;initiation sur le tarot de Marseille.<\/p>\n<p>Le cours se d\u00e9ploie sur 5 s\u00e9ances \u00e0 raison d&rsquo;une fois par mois environ.<\/p>\n<p>CHF  90.- par personne et par s\u00e9ance pour un groupe de 4 personnes.<br \/>\nCHF 110.- par personne et par s\u00e9ance pour un groupe de 3 personnes.<br \/>\nCHF 120.- par personne et par s\u00e9ance pour un groupe de 2 personnes.<br \/>\nCHF 150.- par s\u00e9ance pour cours individuel.<\/p>\n","protected":false},"excerpt":{"rendered":"<p>Ce cours \u00e9tablit un parall\u00e8le entre les majeures et les mineures du tarot Zen d&rsquo;Osho. Le pr\u00e9requis est d&rsquo;avoir suivi le cours d&rsquo;initiation sur le tarot de Marseille. Le cours se d\u00e9ploie sur 5 s\u00e9ances \u00e0 raison d&rsquo;une fois par mois environ. CHF 90.- par personne et par s\u00e9ance pour &#8230;<\/p>\n","protected":false},"author":1,"featured_media":0,"parent":211,"menu_order":0,"comment_status":"closed","ping_status":"closed","template":"template-full-width.php","meta":[],"_links":{"self":[{"href":"http:\/\/www.jeanne-tarot.ch\/index.php?rest_route=\/wp\/v2\/pages\/267"}],"collection":[{"href":"http:\/\/www.jeanne-tarot.ch\/index.php?rest_route=\/wp\/v2\/pages"}],"about":[{"href":"http:\/\/www.jeanne-tarot.ch\/index.php?rest_route=\/wp\/v2\/types\/page"}],"author":[{"embeddable":true,"href":"http:\/\/www.jeanne-tarot.ch\/index.php?rest_route=\/wp\/v2\/users\/1"}],"replies":[{"embeddable":true,"href":"http:\/\/www.jeanne-tarot.ch\/index.php?rest_route=%2Fwp%2Fv2%2Fcomments&post=267"}],"version-history":[{"count":41,"href":"http:\/\/www.jeanne-tarot.ch\/index.php?rest_route=\/wp\/v2\/pages\/267\/revisions"}],"predecessor-version":[{"id":393,"href":"http:\/\/www.jeanne-tarot.ch\/index.php?rest_route=\/wp\/v2\/pages\/267\/revisions\/393"}],"up":[{"embeddable":true,"href":"http:\/\/www.jeanne-tarot.ch\/index.php?rest_route=\/wp\/v2\/pages\/211"}],"wp:attachment":[{"href":"http:\/\/www.jeanne-tarot.ch\/index.php?rest_route=%2Fwp%2Fv2%2Fmedia&parent=267"}],"curies":[{"name":"wp","href":"https:\/\/api.w.org\/{rel}","templated":true}]}}