{"id":19,"date":"2013-03-15T13:13:50","date_gmt":"2013-03-15T13:13:50","guid":{"rendered":"http:\/\/www.aimerlavie.ch\/wpjeanne\/?page_id=19"},"modified":"2013-04-07T07:01:33","modified_gmt":"2013-04-07T07:01:33","slug":"le-tarot-2","status":"publish","type":"page","link":"http:\/\/www.jeanne-tarot.ch\/?page_id=19","title":{"rendered":"Le tarot de Marseille"},"content":{"rendered":"<p><img class=\"aligncenter\" alt=\"\" src=\"data:image\/png;base64,iVBORw0KGgoAAAANSUhEUgAAADcAAABiCAIAAAB7+txVAAAgAElEQVRogb27Z3BcR5bvqYj33uz2vDE702\/ejFoatUSRBAlvCpYgDB28996DMIT3HoXy3qC8LxRQKNgCUPDekjB0Iil6iiIlURIpkAThytx7cz+AUlOUOmJndnYz8sONuFF5f\/HPypN5Tp7zAfgvbQgCAAIA\/LabAGICMARgCMAwgMHBWwQAGAEwAhAEAAADgAAAEBNATH9t2A\/+KxHBAdZfOgDQrzoMAwQGCPw7P4YNADb+f0uJIMjPDwcqwciBeH+l7en1P718+eDx4+X1jYHJqdtfPQYAAAAhCALDv\/Or\/zwlgiAHcL8g\/rbpDfDzn17f\/\/rb1S9ujS9dVGiHCFxBWQs+s7QyJis3MCHZKyL2RGiMf1JG+5AOAggAAIKg3473X6blzs7O99\/\/cP3L+5OLK0rtEFWhrGGwciqaYzJLzsRknIxJtQuOcQiOswuIdgiK9YjNcApNcItKdo\/PdInLdo5Odw6LxTBYb7Ze\/+74H\/yFG0YADMMwggAEAcjvzhcMwJZB\/\/TFT7cefb2wdkU7Mc9p66qjsnIbWuKKykKz805FpTr4RDj6xzgHJTgGxrsFx7sGxQVnFjkGxQSfL4nIuFBcj2skc5Jyy8lc5dmELMeoJMfoFMfoZKfYZFRIdHpx9YOvnwIAIMgIv\/P3\/eBnMQ5W2jtAMPJqa+vrZy\/WbtzXTS91DExSOLIKLD2ltD40o+B0dNrJsETXoGjP8Gj7c\/7e0fFn45NPhkeGpiRXYLDhKenR6TkchbqisTk9P7+FTK5oaCyuqaFyBcExyY0EWkRSduaF6lNRqY7h8U6RCaiIeFR0olN8hkN4UnhmztWbNwEAEPwbShhBdvcMs3NLXX2jraKO6mZqfgU68XyFf2rRybhct\/B0t8AkN9+4M2HpzucifaLTki6UJReWZldWxmRlUPm8jPw8WZuquKxM3CYhMahVDfUJGem1zS1RCYnpOblRCYkJaemxSckBCak+iRkO50JcA2MdfSJdguIdQ+JRofEOofGOEYl20Sn2CRkuUQleYZFLq5d\/NeMHEkIwQqRxkjIL\/FPz7ILiHEIS7YJT7MMyHcNS3UITnHwj8quaKuowF4qqyXRuSsZ5VWcXGo9pwmPjsrLzK6qSMrKjYxNiE1LDYjP9w1Mi4nN9glICIrKCUovPJeQFphX7JuWfis32ikt3i0xCBcc5Bic6BiU6BSY4BcU7Bic4BMc7hMTbRSTaxaa5xGW5R6QGxmaurF0DP6\/RDw5Mqx5C6jG0oJj05NJ6\/\/RCO\/8Ex9AsVEgOKijdMTAR5RsVkVmQV9OQkFOYX4MOS872CIj2Do47G5qUnFvpH50RmpwXlpofmJTrHpLqGZbhFX7eLSDDLSDDISDFzj\/JISjVxjcBFZRqHxRnFxhtHxiHCk5CBac4BSY5ByY4Bye5hKe6RKadiErzjM3xSir2SasMSCysx9IhyHQA+pbSCCFUrjQpvyYoPjc1vyYsMR91OsolINXeL9XeP80hIMX6XIzl6TAbn2jLMzF2vskO\/pnWZzNcg\/JOReQ5+6fanou38o2z9otzDEh08E+w9omzDUiyDUxxCkh3C8pyC8x09c9wC8hwCc5wDs5wCc4+GV7gHlbgEVFwKrroVEzRucTyc8mV\/qnlAclFPoklfgnFvpFZrYI28LOZO1jjCGSCmTxpdgU2LqcmJD4nv7QhJD7T\/my4Y0CSo1+qo3+Ko1+Ko3+qo38yKiAR5Z\/sGJDuFJDl6JeF8klz8El18E1G+Sc5BqSg\/NIc\/NNQQZmOodlO4eddIgpdI4rdo0q9o8u9o8t94qt84ivPxZafjS0\/F1dxJjrfOyL9VFTm2ZjzAUkFiYUNhY1kHEMkb+9XtHUr5Or3LBGCQDCdJSqoJOTUkqNzygNj0wqrMX7hGQ5n4h390x39Uh390lC+qSi\/JJRfPMovwdE\/2TEgxdEv3dE3+0Rw\/smQvJMhOSfDct1ji92ji71iSs\/FV\/rGV3onlXkllnrEFp0Iz3MLzfEOzTkXeT4spTAxvzK\/Fk3m8eSatt7hgfGF6Yn5mbHZ2ZGp2a7uPqlE+ej+V4P9Q3+hhAEAADEZjCKhqryakldDzq7BRWcXhiXl5BW3nAxId\/BNd\/LPcPLPcA3KcgvKdQ8s8Awt9gotPh1Z6h1d5RpT55XYeCqh4VR87am4Ss\/ofPfQbI\/g7DOhuX4R+TFpJTkl6EZsK5unbusYHZ68OHfx6szSyvj8bPdwb2d3p0IhFwlFAoGAyWQIBUKxUDQ1MUVowc9NzI4Njf6FEgIAAES\/s9fXqROL+osqyXnVuMzqxsjswpTc2tQiglvohTNxFb6JNWdiy89EV5yNqjgVXnwmstg7LPdEcJZzcIZ7SObZiNyYtMr8UkwznimUaTp7hwdG5ybmL80tLc3MzY2OjXR3adoVSgaTQWcyGUwGnUmVyIX9fb2XVze61V096q4Hd+5JBSLdgBYA0NvVNzM5N6IbfV9Lw+6+SqbR9s7iMMLiasL5WnRGVVNsVnlkZp1\/QoVXaI5bYLpbYLpncKpvTFrs+aLsiromRitf1TGo0y3Mz69fXLm0OL84MzWmG+nSdEllUhqTQWLSaDwag0+TKIUKtVTVrdy4vP7F9etXrlzZfrPDZnGpVMqwTiuVCFlM6ujIIJVCunL5MgBA1aaemlzQDY2\/Z9URGILoNE5DHYlJkTagmSVN5OyK5vNljYHxF6LiCzBYirhL06Ubmp6bW1xeXFxeHJ8a1w72yxRSLodJI+IFHBadSeFI+Oqe3vYutW5CNz43\/cWdO6vr64a9PQBAb29PXlnxo6+fNjZgUlOyR4YnCwrKm5pb+EI+kUzi8rgPHj5YXlm5d\/ceAECuUE5PLemGpt6n3Nvb7eke6NGMkXC8pmZmI5FTVIu\/UNniHZ5OoEt+ePacp5CSWlloDJbFZtPodAaT2aZS6cZG51YW7ty+JeLxFuZmF5YWewcGSyrLdGNDjFZWUlpGXlHhk2+eAgDu3b4rkUi+vH0Dh29WKiVSmeDixflLaxe\/ffbd0LBufWP9p81NEpE0oRsFAMjkivGpJe3Q5HuUMILATAaXShLQSCIcloPBc1tIvAtVmJMRSWyxqk\/di8Zhv\/jy9g8\/vlB3dj14+Gh7Z6+yskapVovalWQyWdc\/sDy\/QCFRGpvQMXHR4xOjbSplu1pTXlvz\/OWmyWR69dPm1PDY8uLi3Tt3ujo1K8vLfT29LBZra\/uNdnBgeHTkwaOHIcEhIwNDB1qOTy9pf6MlbDDqO9q72QwpiSBoqKXgWtgkqriiiXoyNpkpkQ2quyfHxgAAt27dDQmNLC6pWFu\/XFZenZiaTmWzua1cQgt+YnR8efni9PRse4fqyTePRkZ0j796uvnTJplGxRDwcwvzhbn5Yp6kq70nNjxucmSaSWa3oDHdvT3agQEiiXRpbbW9Q72xcfn169dcLm9+dmWwf+L9Gdfr99UdPb1do0QCH4dmt9LkZLKoqBbvGhPHksmGO7snhoYAgggEUlVHl0SiHJ+YWVpeW1q8dPPaTWjX+PjhVwKJrGtoqK93sKUZ\/erli5yc840NDTfWN7IzsnMLC4Ynxupq65rr6mYnx1k00u0bl29eX1tbW+nu652emenu7eHyea0CPo5ObcG3FBcWbyxeGel9h\/LAqhv0+72dWrV8AI\/nkAh8ClHS2Mwqrse7xyfTxHJdr3ZUN4TAyOz0nErTubK6evnq1eKSkunRGYAAYNwGAKqsrQ5LS865UNTS0iKVyDEkEk1IG5keWl658eXd63e+vD03Mbc4P7e0vK7q7GZyqHQ6DovDkhl0eitL1t42MjXxxa2b333\/AwKASiWbmVzo754Ebz0n+Jcd0ijhycRsFZHAbWlmUklyCl1e2kjwiEuhixVDfQMjIzoAQFNDY0e3prC0hCfgJyYkzC8sIBAETDAAYGx4\/MrK2rXrV6\/dvb58ff3e119dvf5F7\/CkVK1kixqam4vqGuKrauxzcpxJ1KaLaxfv33\/0emsP\/F5TKEXTUwt93VMAwACYfqGEjQa9tntI0qrCtDBb0Cx0IwdLEJQ0Ej3jkpkiha5vUKcbBAAQCSQai6kdHLh\/\/75a1XH37q2fXr54eOfbpavXB1bnxZr2Vga7hcQpx9ZlF3tVlVlSMXbF6cdIte4CokePzHFq6ByuwX3z+X1w4HDCAAYIhMAmGIIBgiDIwTFS2SaenVnS9s68TwmZjGqlRqseJRK4BByPhJdgicLCOqxXTBKdJ9P1DeqGh7a236yvrXf39oyMjMilMjGPj8GhyzCNxYVlVf5nik670Uktd+6sbm3tTk6oCnLNxUzPkQGXqXEnfK15c5mlWu7IJ3pU5wRP6nQIAHoIMsEwjMC\/uAi\/UMoVooX5FW3f7O9Qtkk7BAw5jSok4vkUogxHEhXWYb1jkplc2ezoVEJSfEVtDboFw2AyREKRbmDw5rVrX997pDeaLg71rHtYXHG3m5SrDQjYWOhcGfRZ0tlVnz9KqDgxP2ulG7SUcVEc0kkpPQtTk11anPfs+VMEICYjDJsg5GfP4RdKmVwwN7vU1\/OOluDnGe\/vGezVjGIxLHQDnUaSE8iSkga8Z1QinSfV9Q1K5ZKt16+hHcNb9whGgAGAPQAQcHFurvqUOSXFkswOFzBjhNgj1yY\/2v32X57dPaqimE92f3Rx1K5LcJrVGNcjxYn5NSGhzgvLMwAACDJCJgiGIAR+6zYfnCbFEvH05HJv18TPcRLkLSUEQSKRopUlJ5N4eAyHhBOTKNKyRqJHZAKVJxnoG9ANDwEIQTa34VdvDG929t\/sG7cg5I0e3t3U77wWq0jlzY5coRWPYaGWWamFDqMas6VBVLv004UpMxXnxHBHfZcCU5LuO6nF6fopUiFPrzeYIAMEwRAEQRB04LwehAwEAtH0xEqXevg3Vt2g79JopeIuPK6VjOfz2BoaXVnaQPCKTqILpEP9g4ODWmCCkJ\/egM0t0+v9\/TcG0y4MTABAEAAAMuzKhU0Xso8XV37WhLbDNzlha6wJVXZMuqWmzbEh99PLwxR2fSSnPqRfkCth5PHZLdu7O8afEU0mEwRBv4QhuBzO9NSiur3\/fcr9\/b2+Xl135wiRwMWh2SScmEyVFdfjTsWmsMSK4QHdwGA\/MELIT1tgcwveMkB7ptc\/fnvn8soXFy9dXl779tEzAMDN1ZWeDhapIbFPc7id+9nSkEuH0KaL6yZrsrzeW7F\/Q6C\/L\/t6kc1rCGssDr535woAAIZhGIYPtIQhBIIQAACPz5mdmVd3dL9PaTKZOtq72xR9FIqATBCQ8RIyVVbWRPSKTmKKFOPDY0O6AWA0QZtvTK924F3ji2dPBjsoYx1NQ\/IKJi69KD96YWbsYMSvv\/yiQ2I\/p\/vsyrQll2SmU55SMSzHpeGb12XPb7B\/uiy+M4x+usFZGm0z7OthGH43OnCwkCQy\/tzcbHu7+n1KCDJJJe18jopOE1PwQipBRiCKyxqIp2NTaHzZxMjE4NAAMEL6zd391wYAwL1rlzT8yqdXJN3iC6W5py\/khmPRzQgMADAAAFRcjpJ\/dHbAXMw1bxe50dCWUpGnTFis66xYHSI\/XhB9tSKc0nK+engLAGDYh16\/+uH6xtKdm7cOmIRC7tzcTE9377uUMADQ3t5uf9\/I8NAymSAgonk0vAyPE5fWEk5HJVE54rGh0X5tL4Bh46t9w+vdW5dW2rlkTnP6qLqJikttrEyouJA0PtgPALhz+87QoG5qbJBPzeyRWd26ZDnd6SonuXcr3HoVfqV5QQUZYY0FWTWFORqNUG\/YevH8B6VUWFmcxcCUYutLVldXIAgS8gVTE9N9Pf3vU0KQSShQKKRaIo7bUs8ktYgIeHFFI8UzPJ7MEo0OjvRrewGMwFtvZrpFOmXjlWnGkLJOwSjiEPOY+CJcXd7i5MDc+IiYI\/rh2Q9j2gm1XFZd4dEhs8TVnGgTudEanHv4ARJOy\/qlVTqpZX52am11fXJyWi4jSSVoLoNKJTTW1+Y21Nf29fbwubypyene7r73KE16\/X5316BcoiUTBXSCmEPrIJNklU1U74gESqtoZEDXr+0DAHx3716PkjY+QmHQU2qr4s+nR6SnhoSHna2tLRufGG9TtNGJ+BebP3Z2aFtbWvvYHE5LJYvCZpHpfCyJUIJurK8ZmZmvxjeROXQqnUbAl7CpRXx6ha6fk38hicNr7dJ0XL9+TcgXTE\/OdGl63qc0mYzqjr6OtmESnk9Ac8kYMYUsL6snekck0rmSYe1Q\/0AfAODrB\/fKqrIyzwcXFEXX1+YVFySdzw4vKc6USoXXrt24ffNeQ32zd3SMT1hq\/bmoEW8PlbtrxUm7ujMRTc7e1V4nw\/xCXAOTTsaUhp6vorQy11ckWkWlklLwxZJsZkp7sAEBAIR84czUrKaz+\/0ZNxoN2v5RjXqcgOOSMDwKTkyjKkrrCN6RSQzeW0rIYNJvbw4MKvAtVYTG4ubS5ObSiJay8JEO4nC7EADw3f0nodEF9jFlniEFrR6BLx2PfuVqofa0Zrm5cx3dsV72UUHJXlFk1xixSzDJPzRDyW++s8x4cUM0oiT\/+N23MIAQBAIAiASi2en5zs53tUQAAPC+fr9\/YEStGW7BsbEYNhHHIZEE5fWEU1EpFLZ4RDvc29MDDIjp9Q4A4MWL52Ul0W38Ajb2PKY8ekxyYZSPvnZxo7Kh2ckvzTmC4h6cQ\/P0fWln9qP1\/\/rCHtXrYM\/0tM4\/7XkmsOJkNC78\/Nmi\/ODKwuriC3UMcsnEAH51dhIBhl2TyQQjAACRgDc2Pavs7H2fEkZgDl9KognpbDkOxybg2BgMq7QWdyoqhcwSDffrerq6wT4MvdoFCFhdmivN95\/pR1OqY2iNSZ205MtjuNKSdLeADPfwupP+OKfgopzTsav2x35w+OSpw5FlT3P0OS9P3zLzKJ53TMattc\/B8z92Sx0w1QFsImqkWwUAMBq3jRB0QCkU8EYmZ+Tq31AiAOHwJAUljTgSj4DnEHEcMllQXk\/wDE8kMoS6vqFuTRcwwPCr3d0Xr6l1FcymxEtDBEy+P7M+o59dujHRwGJX2Z8ttA2huPkxzcLwbv61GLez\/W6eKveT1af9zgVmWUdU28WwTwSVyZiemxuf6L\/5h827f9r95rBG5f34\/gMAAAS9NsEAACDgcUanZuW\/2nve3rkAFkdYWonBErlEIpdM4BIInNJavGdYwgFlV6cGGBCwB69OzTTmJslIaZcG0TVp55hV2YsduOX+6m5l44kz55xDquwCREfCWy1DKN4+pa4BGajgbKswvGMYoTQ5riDtXPyF9GpsQyv6jOHRh8aHHxi+\/p\/P7v2xnZO5\/VwPkLda8rmtY9Nzv0MJA1giby+vxhEoAjy+lULkU6misjq8d2QyiSke7te9pTQBpUiIKUnv4hXM99U1XwinV8Ve1lVtaKsHZZk1Zcezk2MdA1pRQRj3gDrLUNbRSKJzaLlbEMk1pAlT7avCW1RfCKoobBRSPHef\/fPW1\/9t98HfgK\/+x4OLf6tVN8IAQDD4fcq3HoXR0KPRcpkKMlXU0EDGY1gUirCsFucVkUhkCEa0w91dncCEILuIWiEnNZ\/XqSqHhfm3B8hd9LypvpxnV9kCXJiaaVOaH3TaE4d2jcs4lWgdxPDyIZJOBhWcDnEJz8sqOKsg2ZIuuNYnutxa\/PPmsw9ePvqD\/rv\/Dn78P8HrP0wPH+3Rag5MEYvTOjo9LWt\/PzIIQyZjd0ffSO80gcjD41spRB6FIqxoIHpFJBAZ\/NGB4e6uTgABZHv\/0vwIHZ+1Ok4YFWSBL6WTypo5Lf5Sf2VdsVWX0Cux3DXBJ\/6a3ZEeF+ugkOw036xVlDXV0yEjtbaqsYiOcezmHX+88il48ifw+G+gx3+4d\/1\/K8WOIpI9ucmsrirxzevXAAAWu3V8alqhav8tpalPo+1R6cgUAYHAYdLEVKqovJ7gHZH4DiWCvNrZ\/el7Gb1xeZD57UUReCb7+hZvpp2HyXGkkA5ppU7FWYG4vIKrth+P2JklFpZURYbNWv5bt4tlfVxWVEoAA+20rP3U+N0\/Pr30xw3t59vfHsVgXczPNNqeI+ekncNXezy+9xAAwGNzpiamVcrfUMIm42CvrkPah8NzcPhWXAuLyZSV1xO8IxNJTMHowLBG0wEgBNncBzvg+dfPFEx6v6BleaCFz0yozrJtxZsx8MeZSUezQ86SoyKuWpvP2thnxyU0BASqrQ\/dsbYnuaHOex8foTq9ePC3e6\/+lkly9PKPSM475xNZYp6gNIuTpGcnCYghr15sAgBEfOH01Exb228oERjStHUNdU3Q6BIikUsjC4hEblUT+VRU0l8oYQC92DL+tAv0wPBmf3laVZ3vWZrjVJJ7hIg\/h88L6bY1v+hou4Eyf2xh\/s0Ri7njdmRvV7GbzYqVDeWk\/XlXu0HZEdPrf5\/o+rys2M0jrMA2ugEVg7GLI1jHMCOTk3vamw88Nb5INDYzI2\/v+I0lQhBeq4hG4mPwrUQij0mVk8miqiayd3gSiS4e045q2tUABvDmjunla2jbCEymb598UZRzCl0VOaBVvHj+XV8DQWt7fNn52JeWNmsWdqPWxzsdrFgOx7T29l2OqEZPB+yJE01xnwsbbGklqBmde13dWaegUvsYgntss0ssxTex7LsnXyEIDADg8nnjkzMyxbuUMDiIuYlEisLi+hY8m8VUMqltTKaqvB5\/KiKFSBGPaye6Vd3ACMBPBvBqH9nag7b3Xnzz3fX1a\/pXRgAAgAAvMl5tYyt1Rakc7HvtD4tcjuA83Viux7X2tk1eTk2n3AUnPHBu7nmebnXZzoQqKzHLNzw2zim6xT2KhoqihlxAG3f1B0wcNnNqfEYqVv2aEoERBBaLleUVLUQqn0IRM6ltFIqsooHoHZGEI\/MnBid6u3rBHgK\/2IM3d+HXu8bX28juHjAhBr1hb\/9Vj0pR5uvCsvfgOJ+gn3CVuVnxnS3rXE4oXG14J+xqPVyoKA+h2zmSq0t9dMTIkLKqzLc0+0RieoZTdKV7JMkpkhWSg9W\/3jtwo1vZzMmxaamo7X0tjUaDqr2rugaPJXKYDDmNLCcSRJWNJO\/IJCyVNzkyqensRPaMpuc78Ms95PUutLVjevPGuLUD9sCNla6Kqj\/j0I5VKU75QcfrT5xqcvVAu9uSXWzlrh5oV\/fS0+48Zxeuu12eg5mGwQYAvHjx9IvVibzCYvvwHPcIIiqMHVNIMW4bAPSWcnxk6ne0NJmMg0NjnV0jRCqf06pi0tqoVHllI8kzKgHH4I0Nj7Z3tAGjyfRiB365h2ztQVs7ptdb+t1tBIA2Sn1xOqqh7mi71k7IdSQVuWKzjuPTrPGnTzT5OpZ6ODacdqeecq\/3tCqKCHzxw\/dGkxEYAQCgmURzjMjzCqehgplp1UygNx3cI7NZ9DHdlFT0LuXBDglDUqmqtVXJ4rQxGQoKQUImS8rrCN6xyVgmf2RwpL29DcAIvLkLv9xDtnZNW9uGNzsAAVNKOdrOVmjvoHT5VO1ihwmyaCmyVFDNJtvdGBhXItkTl2VVH2pVd8ouL9T78sVLCEAM+9tgxwgAaJUoHUIyXCPRNsH48w0cgICdre1nz560MrmjIyMSsfIdSgADYIJMph7NgJDTicUKWxkdTLKMxVBU1ZO8o1OaKZyxoTF1ewcwAfDTHni1A15vG15tAQBWF1YKnZ34Lscnj1tNWlhfO242fPywyt6CjTIXux\/nJ9igiyzbOHa8Fkdao5uinQoAgHb10J4e2TcCAEYmRp3DI5zTmywCubmVYgBMg1qGWFTLY0omJvsFQvn7lLDJ1KXuV0i0VIqyldlBw4upZElVPck7KgVN4YwNjnW0qYABIM+34Zfb8OttsK9\/+exZXlgQ0dVWa3V4+rjZwjGLOcvP73x+7OpnVpNHrB\/ZOE3ZHKa7mAk9PyaEWFcVnL3\/xU1gAKbdfWhPD+3pAQK+fvw4MD7XLRTnm5ZV1hSwPNshVwYvzAvFIu7E+ISAp3qfEiBwm0KjVo7QqEoGVckmy7mt7VX1ZO+oZDSJPTE43qlUgT0Yeb4NvdyBtnbBvp5TVVbsZqNxtlw8dnTB7NDVY+Za80PrVscnjx6bPmZ9y8L6qu1xjTVqzhnV4+zKOek836sGAEB7enjfAO8bgN4EQ4baporcOne6yh7TdLL5QrKAHfjs6R0ujz0+PiWV\/M6MGzUdfR2KIQJeTKcoBcwOBk1eUU\/0Ck\/EEFunBia629rBHoJ8v2V4\/grAYKJTk4Wy4ns49NlajR2zWjjy5ytmh8bMjq5ZHps\/atZja\/H1Yct71hZqW4sJe6tZW8fLDg6cExbXL68fgCIGE9AbAYJ0drYWlh5H1\/hy0emTbSU9gqrtH9+wOK1jY+NyqeQ9Sshk0HdrBvo0kziskM1op+MlFJK4qoHkGZpApPKntGPdyg6wD5Afd8Eu9OjeVyl+55pPuXTYWfRY2musnRYP\/\/mixaGNzyzWLA5NHvu8y9bsvtmx2xZH2hwsJ+ytu1zsNhysn9hYtJXUGIwwojchegOiN5mM8NbrV+N9fVJ89ZMrrd\/fbJnva\/li7ZJQIhsbHVdK3rWXABxEYDrVfWrVEJHIpxCETKKCRW+rqCOcDI0l0ngzg+Odyg5gBIbNPcPOTm1xXqa7Lc\/Zodfm+NhRa91h20dHzBeOW944dGTt+EcrZp+PWx69b2N+3+JIu73bsJ15r+vxBXvUlqtDj8uJ+xu3AQTg\/V0jpEf0byNEI21tIlLExGAtDZ\/36M41uUg+phuXCmXgl\/txAACCwDACy2UdfG4bkchh0mQ8egeTrqxqIJ4Mi8FTONMDYx3KdsQIgN443quMdzQneLhKUSiNheXC505TR449tDrcc+jT4cOftVoe5dodo5481uFt3X3uGDnqKC\/hM26GGT\/OQhtrJg7+fAVzhd8AABO1SURBVFBFAMCI7G0bjPuIHjZAWwCA+VF0h9ylriSzWyWFjQYRRzw+PCkSiH9FCQAMwaahwTHd4ByZLGDRZAyinEIUV9UT3UNjcOTWqYGxdoUKQODZo+fZgRHVJxxYrhYMB0uixVGOzWGu7+He5MPcUvv2eotOqruK7Mglf9bOPtTFt+BxD3ElFgyZI55vyWBa8winyJhkw\/4u2DZA+3smvR5BDN989Ujb48TnOEwMTgAIAATwW0UTo1NiofR9LQEACnlHm6KfSOKx6HIaXsqkK6vqia5BkRgia3JgVCVvAwB0yfsC7U4Wu6OIIebCEpQMZ67kHxHJUGKuazPFXcx3I9WjuLjgcc2Ffun5IXkzj1xtfybGzb\/EITTbJbD6dMj5K2vXYBOCbBvhvU2DYQsAsDKvUorNVmd7ADhwEwGLwR4fm5LJfmWJAILACIK0KTupZAGVKqRTJIQmPp0ir24guYdGN+FoM0PjKnnb\/o6pND+pqtiax7TjcM3rqfZ5FR7BicFOgVHOXgU2J3NaWxto+Oxuaf7Ty2wpMU5OzloapLrGlJwMIjpFV7pEcK2CGpYuXUbAHvTGCG8BoxHa3tpRa4L6pel7m\/sI0AOjCQDAZtOHhkYV8s6\/UJoAAgMIgaGxkSmxuBuD5bFoChZZRqdKqxqIHmExDVjawtiiWqV58e1mXk5oee1pnba1qT4lNdvP3SfCIiDXJqLCOYh2LqSORCrE1kUtdZVeG6qnVoVJMAkrY83+qWWo0HqHyAr7SIpZcAOeywDAiOwisN4IALg01SMTf7ax2AMggBhMsMlw99YtCoEwOjopU7zjnUEARoAJIIiqrZsr6iJRFRymioLjY1uYFfV4z\/CYBhxjYeKiUt6BGOHZ8emY6DAVhy0il41oGkPDIi18EqzDchwC8SdOF9XUFEs4uY8nazZXyUpmTis2fnUCHxVX4Rha5xRahwonWQQTz1dikD0EMRgQxPD6u5caqe9AZ9Drl5uQAcB7e7DJNKodIjTjJidnpYp3PAqAwAA2AQAkCnV2aTOOJGFR5XSCiE4Vl9diPcJiG7GM+YkFqViGGJEH128Sm\/JwBdGjkopZTWVFVnB+SYq9X7itX5O7f0NQeIxKUAx\/yQPX6Mtd1Qxs\/NIoOTyuEhVa5Rha4RBGtAlnhCfjX\/7wBoG3AQBLOlmP+l8uTnMBAvb1ehjeRmB4bnya0IybmJiRKlS\/pkRMAACpQp1diiZQZCScgE4Q0Sii2mbyyZD4RixzZnRKJpWCfeTJzTvD6rprQ9XfL+EezVY\/mcEgD7uy05OcfPJd\/Ysy8wpSwi01lBToC8nWZb6alz43SAwML3UILXUMK7UPxVlHos9Elj188BgA5NV3r4ZUQbpev+fPvoGNkAnahxCTSW+Y1I2SMISx0UmRTPmbGQdAJusoKMXgCGI6WUrBCYh4blUDwdU\/thHHWpialstEYA88vvqwW1S+eZWyu8423WL\/uMZntBR7B6Q5+F3wC4uZGWD3iIrzs8M17ArTLeHzS01L\/Xhvn1zH8GJUaIFdCNYmnOwVXnbzzl0AwPKsuEfx6cywCAAAGV4CAwxBJpPBMD8xjWvCjI1Nyd71dE0AgYEJAKS7S9vKVjaj2WymgozlUEj8ijqcW0BsI5a5PDsnlQkRPfLs7jcSSpkKF74kzNm9zOlmZnv6+h\/1zHAPjpZxajYGCTx6naiNPzbSO8SrAD8o1JJaJ+9c+6Aq+7AS21CsRRjHLaD22o27r17u93edmer3\/uHbb\/dNemj\/DbIHQYZ9o17\/w7fPmGT66PC4su03dxQwDKs7egb7pwkEDoXIpeI5VDK\/hdR6MiimoZmyNLPA4\/MADG5fWWNjshZ6ai92FV7qKn48g7s93sKjZvTwSmbllUpWo5Vz+OBI76WNmx4nwvuVlKL6cnufCvtAjG1YpV0I0TyS5eBXfHX9yaVl9VDPvy+PcQACjDt70J4B2tObdvdNej0AgMfijenG2+Ttv6JEEBhB4C5Nv0qpRaOZFCKfiudRyUIche8eGF3fTF2cXOJzRbARKNm4OU3FuCxT1uIraArsYxZ8s8Jd7imd1zR1t9V5BCbYeec+uvdgTHfR6sQFa58sp8AMp+Aau5Aqu5ASlB8FFdJqE1Iml88sjXkPdNs\/e\/QC2jdCeuPBidO0t2\/S6wEEeCzu5Oi08j2rfhDN7mjvIRF4WCyHiOdTcHwijkekSTxC4uua6HPDix2K9pnhsRFRLbjP019nbF4ib17mbgw1dzDOz7Y3tsmqvGIyD\/nUxeVjIINhSjdz5GS6eXStQ1CRrX+RbUiRQ3CFsz\/RJZRg748vKo7amPh4cYKFQED\/Zke\/vXtwNDbt7UN6PYCQVnrr1Oi0VCR\/jxK81VKhxeP5JLywuYZGwAkwRMGJwPjqesba9DqhpYFQf76fX7rWUzctzFuUFW30Nzy7xn75Jf3uAvmsTwjqLNvSs0je3gMQ8M29B\/HnC1CBgVbeIU4hOQ5h1bbBjQ7BaLtInKNXiVJqNjfo\/9O3zw37JsP2jmF717S7b9rdN+3uQXo9MCFMMnNyZEomVvxWS0Sl6lLI+okEEQkvpmCEVJIUSxK5BSaWVVGuLX9Rlhc3qKwsSDt9Pi20tiihoSiqtji0oigkPzMsIizXwrfFKrre\/mzy3MQC2EPAG9Pe1uat6zPdQ\/1RuRU2gRdsAvHWYTVmoYz09OCNuT8vTygBDAzbe8adPePOnmln37i9Z9rdhfR6YIRpRNrEyKRC9r5HAQEA2hQasaCbSJCyaCo6QYLDcDFEnktQXEUN\/uLCFUJF4ptboulubBurhNIYX1Xg01QWJWwtT8rOtfaotw5stg7NdQu6cP\/mHbCjh1\/ugP23KfJYCt3aP9ApuMEuvN76TPFYt+XE0JnnT9+A\/Vf72zvACAMYIHsG05tdw86uYX8PwEDUytcNjsjkv0fZ3tZFIYqIBCkJJ8bWs4h4AYbEc\/KPqqrFbqzfjglwZNYGd7Dz17pqH8zRnqyLvlqVCRlVzueiUYG1diF4S9\/S2Nwm4+tt+PUOMCGP7z3oVGu2X71k8QQ2p3OdovOtfCury89e2TCvrM+Ctrfg3U2jAb64uNSpat\/afAkA0O\/tAQAe33+Ea8ZOjE39LiWikHfSyNKmRg6ZIKFiRQQcr6aJ6hIQVVmLnltcxzfnt7GLUpP9sjODkhLOJKeGBkQF2p0KdPDNswkutw7Cm3sVdg3PHAza09MXERcXl54+OjY8Oz9jczITFV7kERzx4KIFmX0kMLXK+GbTuLu1vWd89fIlkUQKjQjvHeh\/9WaLwWHjsXgWlTkxOq341T7+M2V7W5emY6ypkUPEikhoPraFU9\/CcPKPrqxtvrS6kZPiIydkYZoK83Ljo8N9CQTC6bB4lH+6vV+1TQDa2qcyOKFkbHy2XaVeWLnkHxUVnpKSlJtb2dKytDSbX9Zs7RlJodg9Xjc\/Exl8NqHm2ZPvZyYny0rLy6sqh8ZHeQrJ6bDA8LSE2PSk61\/coBIoU6Mz3V2\/udMFACjknVx2ewuaj8cIiGgeiSCoRzMcA2Kq6tEXl5c5mOx2THxmrF9WRuKPT79eWbxq7x3vEJTn4Nfg4MtyDSqgsRhJkWlnAyNPBAZ7RIR7h4RGJqfbnTszpNU9uv9jaLzzD\/c\/o7d4WPliPAJKv7z\/+NXLV2PDw3UtzV7+vkWNdeHnU52DzgYnJ5JoTCKONDE82a155073IOsJhmFNW0+vahiNZhIIAhpJRiQIm\/As54CY0nrM2uwlGTlx9wFbzqidGZt69uh7sbTD6ky8TXCNXRDG\/FRpcS17e2sH04w9E+znGuBrGxqCCg866evegq8cVArlhJLuNofr60fP+EQ7RfCcAovwDEZDAzkzPzMmLyMwJ80hLMw11h8V6u8a4n\/x6iKd3jgxMtatHnufEgCkTdwuYiqamqktaBamiYvHCZrwbLfAyKJazNrMupiao2uvWBzX3rjyhahVTGbQrc+GWYdU2YRgnP2KJiaW1xbn1OosOgOFxTqkFtkFJtjVV3szqA4c\/PHWho8ffnkEX2PjdirZPqrs2NlcFl8yNjA0ONDbgEU7nvM6ERLsFXMmO99hvN+hT+nTWJo3Njmj6n83ynpg1BFEpdRwmHIMjk0k8rHNPCyW34BjugdHFNa0XF29eT45ksuiUGl8LJ6h7uhOyrpg65NiE1FpF9AcE1kuFSRh6x25ZHs5w3ZpAKVR2vPYqA6uk4rpwq130fA+vLl+jNni4BsSjoqutA9gZmZWYyti8xIsqwpcasvO5madyC2xePLAcfPyx2rOx5Sm6OHhZWXv+xFrBEGQTk2\/WjPSiKbhcFwyXoLDCZqJrR6hUUW1pKX5FTqesHrxWlr6eRymSd0hDAhLsvUpsQojO5\/LVrWe1ojNCI1mYrLLgAo13WkxobbmEuwVLPselmtrucOd5aM6mdnTO5\/kFx1xCMpwCCVExEZxSJYaprOGad\/Dt+sV2HMIx9tFHy9PHBvQ2qMbY8d0q5rOkfcoAQCAI5BS2FIMoZWA4zbXszEt3Fo01S04sqCGtjA\/oZbI7914UpIfnZPqnJeDCorycwgpNQ+lxGV5\/Hjtky6qmaTVQ8k80d567Pm1f3q6+qGSZj2qRi30m02oPrm7cmhe8yH8\/d+rFUec\/ENRUdhzIWmdcs8Hl2y+2fjwu\/U\/fr185Oqo89Lg4eH2w22CZDIBrRseVbVp36V8m2nG4IqLKtFYAheNayXgBUQsr6aZ6hoYlV\/VMj+zqOBW9\/ALSnM86A32LILbqbBTVuE1ZgG5srZjhtv\/OC6wZtfbtws++2HjX\/TX\/27\/zt99tf7PVyaODkqtry0d0in+9fm1\/wO584\/rusNe\/mGeMaUpZ+KbXA73F1s8Wzr09NI\/vnj4oa79UAcrSMkNHO3tYLLI\/aM9SvWvbvgOLlKBtL07ObMYjWE3k3gteA6phVOPZZ8MTsyvqFucWedR3C71mZdVnWBSnInNbo5+0ahQQnRC0A8rH0H3\/1lKtNUJ\/v3JlY8fL\/zr043PtOJP7q27YnNtujmf3Zy3mm771HT338DNP9we+b9yvU83e5\/sdzr80Pbfr9nY6LyOML3+JGv6eGTIvLIwprKsprT4Aqe1dW3tslr9q1yDtwVUG9dupp8vLK3G1BLYTVgWEc3GUvkeofH5lY0r85f49KPrw59UFzoxKj3S46xcQmKdz2XSax3Bw39Z6\/23DoHZzpO\/fzz9iYJ8ViUKJTdH8CnB1JpjXy2YT4o+ennjTzs3\/zf49oPrk3\/XdsL8loXTsoWF1vozFuqjei87bEIapblM0kHUTQwszl5cWV4fn1ioqyO2t\/9qxt8+QTDCE0uTc4ryGrB4uoCC41Q1EL2jIvKr6ldmrwhp1guqQ83lp6khnw9aH+6z9uY7nFDn\/Pn+Datejs3W7f+5fe+\/3xj+cKTPTMXHD7SNthTHTPZ8dHXq4xuzn7x6+j\/urf\/T6tQfBOiPqj3sSNFRTTWV0jbF+NjIwuq1i9c3FjfmujXdeAojqajybFSSi2+4s0\/42PylX1O+TdaDX2z+VNSIji0qq8VRWRRBPZrsER52oRJ\/aeZLMf3og5njjYFWi7ZmkMXxXXOL7+0sV1F\/poabT0od4bt\/v\/3gby53fc6qD5BzW+fnJpvqPMa0x2sqD7GpzlS0ExuXLGORh7oG11avrl29Nb9yvWNwkMQTplcWeSb52wZ5O\/gHe0clxuTnl2JxbGXbyo2b++8UyX3wcyUlAsMmAMDcxkZyaXl+ZSMez0aTmJ5RCbmVlNXpG2LCv+5++SGr8COG12d91h9OmX1yz\/rYltXRVetPRGc+VeYcubl0\/OriP2FrnXNSi3ILCqsqCxU8llY7ODu7fGnxztLC5Y6eIQJLktRU6JUe7xUQ7XQuxDU4MiInLR+NJgglvdNDV+\/efP7ypRGGDsiQnx9+sep\/aQhAxG0dKbnlBbX4ahLTLTo5tx6zNr4qrv8T9ODvTV\/+8d7in+a0h7pwtuyzR2Uoa4G9OfaEdWGgewsumyBs6Oxtu7i6fPX61dX1q\/2DEyyOvKiqKTgh3T0kEhUY6hIV6Z+dmVZdjeMKunRjq+uXf\/j+mcn4V0tK\/yolAGDzzXY1mpRZUptT3eQdmV5Qg784eYnVbPHgyqfLQ\/\/Qp\/gHAcOMig9sasgkkpo1moHli5ev37i3tn5LN7lCUqjzsPiQnBzXiDCHIP8ToaG+ScmZ1dXNrRz5wODMxvqd7755qf\/9pOX\/ACWMIACAq1\/eySquzCypPRedUliD3rj05fl0fyo1lM2vblN3zI1e3Fi4c3H9pnZmniNRVWFI0Tn57lHRDoGhTn4xfok5SSXVlRSaRNs\/s7Z2\/+k3ewbDb74LIwgEft73\/jNaHmTntvdp0\/IrzsakZFXWffNiZ\/Xq3fn164OTi0J5Vx0al5idcyoszjEgxj4k9kxSdkx+WTWJKersnZ5defDwyaut3fcHhQAwIT8XNP7S\/5+231Ai4KDK9o1Bj6VxT0dlBqZfyK2ricu54BEW7+gb4hwQ7ZGQHF1SXEUg8qTKsbn5Ow8ebu+8eX8YCIFNB8mpMALgA5f\/YHzwH2X8axWwB3I+fPjVhco6n9hkn+i4+NyCciyxVSYfnZq+fufeTzs7pvc\/BCNvq6x\/xYD85uE\/0f4KJYKYTCYAwJPvni1vXL52+86zzZd7v6lG\/n\/z4f9Q+6uUv+QSv\/fmbeX0\/2+AAAAA\/m9Db19QFNx3UgAAAABJRU5ErkJggg==\" \/><\/p>\n<p style=\"text-align: center;\">Le tarot est un outil initiatique, une grille de lecture de l&rsquo;instant pr\u00e9sent contenant \u00e0 la fois le v\u00e9cu et ce qui est en devenir.<\/p>\n<p style=\"text-align: center;\">Un tirage est un instantan\u00e9 de la vie en mouvement pour que nous puissions la saisir afin \u00a0d&rsquo;orienter notre chemin.<\/p>\n<p>&nbsp;<\/p>\n","protected":false},"excerpt":{"rendered":"<p>Le tarot est un outil initiatique, une grille de lecture de l&rsquo;instant pr\u00e9sent contenant \u00e0 la fois le v\u00e9cu et ce qui est en devenir. Un tirage est un instantan\u00e9 de la vie en mouvement pour que nous puissions la saisir afin \u00a0d&rsquo;orienter notre chemin. &nbsp;<\/p>\n","protected":false},"author":1,"featured_media":0,"parent":0,"menu_order":1,"comment_status":"closed","ping_status":"closed","template":"template-full-width.php","meta":[],"_links":{"self":[{"href":"http:\/\/www.jeanne-tarot.ch\/index.php?rest_route=\/wp\/v2\/pages\/19"}],"collection":[{"href":"http:\/\/www.jeanne-tarot.ch\/index.php?rest_route=\/wp\/v2\/pages"}],"about":[{"href":"http:\/\/www.jeanne-tarot.ch\/index.php?rest_route=\/wp\/v2\/types\/page"}],"author":[{"embeddable":true,"href":"http:\/\/www.jeanne-tarot.ch\/index.php?rest_route=\/wp\/v2\/users\/1"}],"replies":[{"embeddable":true,"href":"http:\/\/www.jeanne-tarot.ch\/index.php?rest_route=%2Fwp%2Fv2%2Fcomments&post=19"}],"version-history":[{"count":20,"href":"http:\/\/www.jeanne-tarot.ch\/index.php?rest_route=\/wp\/v2\/pages\/19\/revisions"}],"predecessor-version":[{"id":258,"href":"http:\/\/www.jeanne-tarot.ch\/index.php?rest_route=\/wp\/v2\/pages\/19\/revisions\/258"}],"wp:attachment":[{"href":"http:\/\/www.jeanne-tarot.ch\/index.php?rest_route=%2Fwp%2Fv2%2Fmedia&parent=19"}],"curies":[{"name":"wp","href":"https:\/\/api.w.org\/{rel}","templated":true}]}}